ite?
False
Let q = 11 - 6. Suppose q*y + 3 = 2*y. Let f(c) = -36*c**3 + c. Is f(y) a prime number?
False
Suppose 3*q = -5*r + 2*r - 300, 3*r - 3*q + 330 = 0. Let w = r - -196. Is w prime?
False
Let m = -1 + 1. Is (m + (-21)/(-6))*22 a composite number?
True
Is 3/(-6) + (-12220)/(-8) prime?
False
Let y = 942 - -653. Is y/20 + (-3)/4 a prime number?
True
Suppose -l - 3*t + 5 + 116 = 0, t = 3*l - 403. Suppose m = -b - l, 683 = -5*m + b + 3*b. Let f = 254 + m. Is f a prime number?
False
Suppose 5*g - 8 = g. Suppose 0 = g*p + 6, -3*f = -f + p - 27. Is f a composite number?
True
Suppose -5*y + 37 = 2*r, 3*y - 3*r = -0*r + 39. Let t = y + -6. Suppose -t*j = -5*w + 185, w + 8 - 45 = j. Is w a prime number?
True
Let a = 505 + -290. Is a a composite number?
True
Let v(o) = -o**3 - 3*o**2 + o - 1. Suppose -10 = 2*n - 7*n. Let w be n/2 - (-20)/(-4). Is v(w) prime?
True
Suppose 2*k + 10 = 0, 3*t + 2*t = -3*k + 260. Suppose -14 = -2*l + 4*u, 5*l - t - 36 = -4*u. Is l prime?
False
Suppose 7*s = 10*s - 3561. Is s prime?
True
Suppose 0 = 4*h + 692 - 4. Let g = h - -291. Is g a composite number?
True
Let f(s) = -7*s**2 - 2*s - 3. Let h be f(-2). Suppose 0 = -2*b - 2*b + 20, 5*t - 390 = 4*b. Let j = t + h. Is j composite?
True
Let c be -1*5/(10/4). Let t be c/(-8) - 1/4. Suppose t = 4*g + 8, -5*z + 13 = -2*g - 36. Is z prime?
False
Is (-2 - -5) + (12307 + -1)/3 composite?
True
Let q(j) = -5016*j + 5. Is q(-3) a prime number?
True
Let t(u) = 6*u**3 + 2*u**2 + u - 1. Let n(c) = 11*c**3 + 5*c**2 + 2*c - 2. Let o(g) = -4*n(g) + 7*t(g). Is o(-6) composite?
False
Suppose 10 = 2*i - 3*j + 2*j, 5*i - 2*j - 23 = 0. Let n be 0 + i/((-9)/(-3)). Is (25/10)/(n/10) prime?
False
Is 1801/1*(12/(-4))/(-3) prime?
True
Let w = -277 + 488. Is w composite?
False
Let c = -160 + 397. Is c composite?
True
Suppose -1060 = -0*a - 4*a. Is a a prime number?
False
Let d(p) = -p**2 + p. Let x(q) = 8*q**2 - 9*q + 2. Let c(w) = 4*d(w) + x(w). Is c(7) a prime number?
True
Let k(b) = -24*b**2 - b**3 + 4*b + 9*b**2 - 1 + 14*b**2. Suppose 0*j - 12 = 3*j. Is k(j) prime?
True
Let s be (-303)/(-3) - (4 - 2). Suppose -2*v = 3*n - 239, -2*v + s = 5*n - 130. Is v prime?
True
Let r(x) = 2*x**2 + 2*x - 1. Let u = -21 - -7. Let v = -10 - u. Is r(v) a composite number?
True
Let d = 4 - 6. Let q be d + 1 + 2 + -4. Let a(l) = l**2 + l + 1. Is a(q) a prime number?
True
Let m(q) = q - 1. Let y be (0 + 2)*(2 + 1). Let g be m(y). Suppose g*n = 4*c + 171, -6*n + n + 174 = -c. Is n a prime number?
False
Let l(v) = -62*v + 3. Let f(c) = c**3 - c**2 - 4. Let s be f(0). Is l(s) prime?
True
Suppose 5*p - 4*p - 97 = -2*t, -p + 3*t = -82. Let c = -1 - -4. Suppose -5*s + p + 70 = -2*k, -89 = -c*s + 5*k. Is s a prime number?
False
Is (-28)/42 - ((-197)/3 - 2) composite?
False
Let f = -63 + 186. Suppose r - f = -32. Is r composite?
True
Suppose 3*i - i = 30. Suppose -n = 2*j - 11, -4*n - 4*j = -13 - i. Let w(t) = 2*t**3 - 4*t**2 + 4*t + 1. Is w(n) a prime number?
True
Suppose -4*h + 0*v + 513 = 3*v, -3*v + 255 = 2*h. Is h a prime number?
False
Let v(b) = 13*b**3 - 3*b**2 + 2*b + 1. Is v(2) prime?
True
Is (0 - -2)*4/(24/3411) composite?
True
Suppose -15 + 3 = -k. Let p = k - 9. Is p a prime number?
True
Let f = -374 + 1941. Is f a prime number?
True
Let z(c) = 15*c - 1. Let n(h) = -h**3 + 4*h**2 + 6*h. Let j be n(5). Is z(j) composite?
True
Let m(v) = -v**2 + 5*v - 2. Let o be m(4). Suppose 4*k = 0, -w - 2*k + 3 = -o. Suppose -3*i + 2*u = -269, w*u - 101 = -2*i + i. Is i composite?
True
Suppose -3*q + 0*q = 0. Let s be 2*((-19)/(-2) - -1). Suppose q = -5*b - s + 51. Is b a composite number?
True
Suppose -5*l + w = -566 - 328, 2*l - 348 = -2*w. Is l prime?
False
Suppose -1101 = u + 2*u. Let f = -186 - u. Is f composite?
False
Suppose -2*x + 1 = 13. Let c be 159/9 + 4/x. Suppose 5*p = 13 + c. Is p composite?
True
Let j(g) = -11*g + 36*g**2 + 1 + 12*g - g. Is j(1) composite?
False
Let p(m) = -36*m**2. Let f be p(-1). Let d be (-8)/f + 356/18. Let r = d - -191. Is r a prime number?
True
Let r(x) = 4*x - 3. Is r(22) a prime number?
False
Suppose -z + 177 + 1 = 0. Is z a prime number?
False
Suppose -2*u + 3*i + 151 = 0, 2*i = 5*u - i - 400. Is u a composite number?
False
Let t(a) = -a**3 - 5*a**2 + 5*a + 4. Let o = -22 - -15. Is t(o) composite?
False
Let u = 54 - 100. Let a = -33 - u. Is a a composite number?
False
Suppose -r = -3*r + 4*p - 2, 4*p = 3*r + 3. Let c be (1 - r) + (-6)/3. Is 2/(-6)*c + 3 prime?
True
Is 2765/3 - 10/15 a prime number?
False
Let q(n) = n**3 + 17*n**2 - 31*n + 15. Is q(-18) prime?
False
Let n(c) = -2*c**2 + 3*c - 1. Let k be n(3). Let b = 24 - k. Is b composite?
True
Let v = -3838 + 6209. Is v prime?
True
Let o(m) = 14*m - 1. Let l be o(1). Suppose -j + 4 = -0*j, t = 3*j - 10. Suppose -l = -t*y + 7. Is y composite?
True
Let w = 674 - 451. Is w composite?
False
Let l(a) be the first derivative of a**3/3 - 3*a**2/2 + 2*a + 2. Let j be l(4). Let q = 1 + j. Is q a composite number?
False
Suppose 4*x = -z + 2878, 4*x + 0*z = 2*z + 2872. Suppose 61 = -2*l + x. Is l composite?
True
Let s = -1 - 0. Let b(y) = -33*y**3 - 2*y**2 + 1. Let c be b(s). Let o = 97 - c. Is o prime?
False
Let q be (-10)/8*(-8)/2. Suppose -5*v + 376 = -x + 66, 3*v - 5*x - 164 = 0. Suppose -52 = -q*m + v. Is m a composite number?
False
Let c(f) be the second derivative of -19*f**3/6 - f. Let m = 1 - 2. Is c(m) a prime number?
True
Let o(a) = 170*a + 1. Is o(4) a prime number?
False
Let j(r) = 29*r**3 + r - 8. Is j(3) prime?
False
Let g be (-2)/6 + (-10)/6. Is ((-602)/7)/(g*1) composite?
False
Let o(g) = 88*g - 1. Let z(b) = b**2 + 4*b - 4. Let l be z(-5). Is o(l) a composite number?
True
Suppose 84 = 6*w - 2*w. Is w a prime number?
False
Let z(u) = 86*u**2 + 1. Let l be z(-1). Let x = -54 + l. Is x prime?
False
Suppose 7*a - 12 = 4*a. Let c(l) = l**3 - 4*l**2 - 6*l + 2. Let f be c(5). Is a - 1 - (-83 + f) a composite number?
False
Let p = -26 + 36. Suppose -2*s + 2*v + 8 = 2*s, 5*s = -5*v + p. Suppose -2*m = -3*w + 4*w - 17, -24 = -s*w + m. Is w prime?
True
Let v(r) = -r**2 - r + 4. Let j be v(0). Suppose j*c - q - 1 - 152 = 0, -75 = -2*c - q. Is c a prime number?
False
Let w(x) = 48*x + 7. Is w(6) a composite number?
True
Suppose 0 = 47*p - 46*p - 43. Is p a composite number?
False
Let s(b) = b**2 + b - 4. Let r be s(-3). Suppose 5*l = r*l. Suppose -3*t - t + 2212 = l. Is t prime?
False
Suppose -s = 4*s + 100. Let z = s - -14. Is 2*(-15)/12*z composite?
True
Suppose 3*p = 81 + 24. Let g = 36 + p. Is g a prime number?
True
Suppose 0*m - 4*m + 16 = -3*l, 3*m - 3*l = 15. Let q = 50 + m. Is q a prime number?
False
Let t(x) be the second derivative of 5*x**4/2 + x**3/3 - x**2/2 - 2*x. Is t(1) prime?
True
Let d(g) = -g**3 + 9*g**2 + 12*g - 11. Is d(9) a prime number?
True
Let q(l) = -214*l**3 - 2*l**2 - l + 1. Is q(-2) prime?
False
Let y = 621 + -172. Is y composite?
False
Suppose 3*r + 209 = 2*k + 33, -4*k = -r - 42. Let w = r - -11. Is 2 - ((-2 - 0) + w) composite?
True
Suppose 0 = -11*o + 9*o + 518. Is o a prime number?
False
Let q(y) = -13*y - 2. Let o be q(-4). Suppose o + 43 = 3*x. Is x a composite number?
False
Let l = 514 - 255. Is l prime?
False
Let h be 0/(-1 - (-3 - -3)). Suppose -5*w - 5*j + 245 = h, -4*w = w + 2*j - 257. Suppose -6*p = -5*p - w. Is p a composite number?
False
Let m(v) = -v**3 - 8*v**2 + 8*v - 7. Let z be m(-9). Is -1 + 2 + 12/z a prime number?
True
Suppose -508 = -k - 0*k. Suppose -3*t + k = t. Is t prime?
True
Let i(u) = 85*u**2. Let h be i(1). Let p = h + -38. Is p composite?
False
Let t = -133 - -252. Is t composite?
True
Suppose 4*c = -2*p - 100, -5*p = -p + 2*c + 176. Let i = 45 - p. Is i prime?
False
Let w be (-1940)/(-18) + (-10)/(-45). Let i = -75 + w. Is i prime?
False
Let o = -54 - -26. Let u = -55 - o. Let l = -13 - u. Is l a composite number?
True
Suppose 4*i = 3*i + 779. Is i a composite number?
True
Let d(q) = -q**2 - 21*q - 13. Is d(-13) composite?
True
Is (-779 - -2)*(-4)/12 a composite number?
True
Suppose -282 = -4*t + 150. Suppose t + 277 = 5*z. Is z prime?
False
Let r = -957 + 2135. Let z = r + -771. Is z composite?
True
Suppose a = 5*a - 5*c + 1403, 3*a - 4*c = -1051. Let s = a + 620. Is s a prime number?
True
Suppose -5*y + 6*y - 1007 = 0. Is y a composite number?
True
Suppose 3*x + 2*x - 